{"id":10,"date":"2011-09-26T08:27:08","date_gmt":"2011-09-26T08:27:08","guid":{"rendered":"http:\/\/sql.programisius.lt\/?page_id=10"},"modified":"2011-09-26T10:25:46","modified_gmt":"2011-09-26T10:25:46","slug":"1-zingsnis","status":"publish","type":"page","link":"http:\/\/sql.programisius.lt\/?page_id=10","title":{"rendered":"1.  SQL &#8211; kas tai?"},"content":{"rendered":"<p>SQL yra strukt\u016brizuota u\u017eklaus\u0173 kalba (angl. <em>Structured Query Language<\/em>).\u00a0 Ji skirta bendrauti su duomen\u0173 baze. Pagal ANSI standart\u0105, \u0161i kalba skirta reliacin\u0117ms duomen\u0173 baz\u0117ms. SQL kalba naudojama tokioms u\u017eduotims kaip atnaujinti ir papildyti duomen\u0173 baz\u0119 duomenimis . Vienos populiariausi\u0173 duomen\u0173 bazi\u0173 valdymo sistemos yra Oracle, Sybase, Microsoft SQL Server, Access, Ingres, MySQL ir kt. \u017dinoma kiekviena duomen\u0173 baz\u0117 turi papildyta SQL kalb\u0105, kuri pritaikyta vidiniams technologiniams poreikiams. Visgi standartin\u0117s SQL kalba (kaip SELECT, INSERT, UPDATE, DELETE, CREATE, DROP) gali b\u016bti naudojama su bet kuria duomen\u0173 baze.<\/p>\n<p>\u0160iose pamokose i\u0161moksime\u00a0standartines SQL komandas. I\u0161bandysime jas\u00a0su SQL interpretariumi.<\/p>\n","protected":false},"excerpt":{"rendered":"<p>SQL yra strukt\u016brizuota u\u017eklaus\u0173 kalba (angl. Structured Query Language).\u00a0 Ji skirta bendrauti su duomen\u0173 baze. Pagal ANSI standart\u0105, \u0161i kalba skirta reliacin\u0117ms duomen\u0173 baz\u0117ms. SQL kalba naudojama tokioms u\u017eduotims kaip atnaujinti ir papildyti duomen\u0173 baz\u0119 duomenimis . Vienos populiariausi\u0173 duomen\u0173 bazi\u0173 valdymo sistemos yra Oracle, Sybase, Microsoft SQL Server, Access, Ingres, MySQL ir kt. \u017dinoma [&hellip;]<\/p>\n","protected":false},"author":1,"featured_media":0,"parent":2,"menu_order":0,"comment_status":"open","ping_status":"open","template":"","meta":{"footnotes":""},"class_list":["post-10","page","type-page","status-publish","hentry"],"_links":{"self":[{"href":"http:\/\/sql.programisius.lt\/index.php?rest_route=\/wp\/v2\/pages\/10","targetHints":{"allow":["GET"]}}],"collection":[{"href":"http:\/\/sql.programisius.lt\/index.php?rest_route=\/wp\/v2\/pages"}],"about":[{"href":"http:\/\/sql.programisius.lt\/index.php?rest_route=\/wp\/v2\/types\/page"}],"author":[{"embeddable":true,"href":"http:\/\/sql.programisius.lt\/index.php?rest_route=\/wp\/v2\/users\/1"}],"replies":[{"embeddable":true,"href":"http:\/\/sql.programisius.lt\/index.php?rest_route=%2Fwp%2Fv2%2Fcomments&post=10"}],"version-history":[{"count":4,"href":"http:\/\/sql.programisius.lt\/index.php?rest_route=\/wp\/v2\/pages\/10\/revisions"}],"predecessor-version":[{"id":26,"href":"http:\/\/sql.programisius.lt\/index.php?rest_route=\/wp\/v2\/pages\/10\/revisions\/26"}],"up":[{"embeddable":true,"href":"http:\/\/sql.programisius.lt\/index.php?rest_route=\/wp\/v2\/pages\/2"}],"wp:attachment":[{"href":"http:\/\/sql.programisius.lt\/index.php?rest_route=%2Fwp%2Fv2%2Fmedia&parent=10"}],"curies":[{"name":"wp","href":"https:\/\/api.w.org\/{rel}","templated":true}]}}